{"id":8,"date":"2017-02-01T22:21:54","date_gmt":"2017-02-01T20:21:54","guid":{"rendered":"http:\/\/www.baranbaharat.com\/?page_id=8"},"modified":"2020-03-30T15:35:29","modified_gmt":"2020-03-30T12:35:29","slug":"hakkimizda","status":"publish","type":"page","link":"https:\/\/www.baranbaharat.com\/index.php\/hakkimizda\/","title":{"rendered":"Kurumsal"},"content":{"rendered":"<p>Firmam\u0131z baharat \u00fcr\u00fcnleri imalat\u0131 ile sekt\u00f6rdeki ba\u015far\u0131s\u0131n\u0131 bir kat daha art\u0131rma yoluna girmi\u015ftir.<\/p>\n","protected":false},"excerpt":{"rendered":"<p>Firmam\u0131z baharat \u00fcr\u00fcnleri imalat\u0131 ile sekt\u00f6rdeki ba\u015far\u0131s\u0131n\u0131 bir kat daha art\u0131rma yoluna girmi\u015ftir.<\/p>\n","protected":false},"author":1,"featured_media":0,"parent":0,"menu_order":2,"comment_status":"closed","ping_status":"closed","template":"","meta":{"footnotes":""},"class_list":["post-8","page","type-page","status-publish","hentry"],"_links":{"self":[{"href":"https:\/\/www.baranbaharat.com\/index.php\/wp-json\/wp\/v2\/pages\/8","targetHints":{"allow":["GET"]}}],"collection":[{"href":"https:\/\/www.baranbaharat.com\/index.php\/wp-json\/wp\/v2\/pages"}],"about":[{"href":"https:\/\/www.baranbaharat.com\/index.php\/wp-json\/wp\/v2\/types\/page"}],"author":[{"embeddable":true,"href":"https:\/\/www.baranbaharat.com\/index.php\/wp-json\/wp\/v2\/users\/1"}],"replies":[{"embeddable":true,"href":"https:\/\/www.baranbaharat.com\/index.php\/wp-json\/wp\/v2\/comments?post=8"}],"version-history":[{"count":2,"href":"https:\/\/www.baranbaharat.com\/index.php\/wp-json\/wp\/v2\/pages\/8\/revisions"}],"predecessor-version":[{"id":96,"href":"https:\/\/www.baranbaharat.com\/index.php\/wp-json\/wp\/v2\/pages\/8\/revisions\/96"}],"wp:attachment":[{"href":"https:\/\/www.baranbaharat.com\/index.php\/wp-json\/wp\/v2\/media?parent=8"}],"curies":[{"name":"wp","href":"https:\/\/api.w.org\/{rel}","templated":true}]}}